{"id":81,"date":"2024-05-04T16:52:46","date_gmt":"2024-05-04T16:52:46","guid":{"rendered":"https:\/\/conflictos.elhogarquedeseo.com\/?page_id=81"},"modified":"2024-05-04T16:52:46","modified_gmt":"2024-05-04T16:52:46","slug":"enfado-frustracion-y-rabia","status":"publish","type":"page","link":"https:\/\/conflictos.elhogarquedeseo.com\/index.php\/enfado-frustracion-y-rabia\/","title":{"rendered":"Enfado, frustraci\u00f3n y rabia"},"content":{"rendered":"\n<div class=\"wp-block-columns is-layout-flex wp-container-core-columns-is-layout-9d6595d7 wp-block-columns-is-layout-flex\">\n<div class=\"wp-block-column is-layout-flow wp-block-column-is-layout-flow\">\n<p>Te puedes sentir frustrado\/a y con esa frustraci\u00f3n desarrollar un enfado e incluso reaccionar con rabia\u2026<\/p>\n<\/div>\n\n\n\n<div class=\"wp-block-column is-layout-flow wp-block-column-is-layout-flow\">\n<figure class=\"wp-block-image size-full\"><img loading=\"lazy\" decoding=\"async\" width=\"361\" height=\"560\" src=\"https:\/\/conflictos.elhogarquedeseo.com\/wp-content\/uploads\/2024\/05\/enfado.png\" alt=\"\" class=\"wp-image-35\" srcset=\"https:\/\/conflictos.elhogarquedeseo.com\/wp-content\/uploads\/2024\/05\/enfado.png 361w, https:\/\/conflictos.elhogarquedeseo.com\/wp-content\/uploads\/2024\/05\/enfado-193x300.png 193w\" sizes=\"auto, (max-width: 361px) 100vw, 361px\" \/><\/figure>\n<\/div>\n<\/div>\n\n\n<h2 style=\"text-align: center;\">Contenido<\/h2>\n<ol>\n<li style=\"list-style-type: none;\">\n<ol>\n<li style=\"list-style-type: none;\">\n<ol>\n<li style=\"list-style-type: none;\">\n<ol>\n<li style=\"list-style-type: none;\">\n<ol>\n<li>\n<h5><a href=\"https:\/\/conflictos.elhogarquedeseo.com\/index.php\/1-efr-descubrir-y-dominar\/\">DESCUBRIR Y DOMINAR<\/a><\/h5>\n<\/li>\n<li>\n<h5><a href=\"https:\/\/conflictos.elhogarquedeseo.com\/index.php\/2-efr-comprender-la-rabia\/\">COMPRENDER LA RABIA<\/a><\/h5>\n<\/li>\n<li>\n<h5><a href=\"https:\/\/conflictos.elhogarquedeseo.com\/index.php\/3-efr-como-se-despierta\/\">\u00bfC\u00d3MO SE DESPIERTA?<\/a><\/h5>\n<\/li>\n<li>\n<h5><a href=\"https:\/\/conflictos.elhogarquedeseo.com\/index.php\/4-efr-expresar-la-rabia\/\">EXPRESAR LA RABIA<\/a><\/h5>\n<\/li>\n<li>\n<h5><a href=\"https:\/\/conflictos.elhogarquedeseo.com\/index.php\/5-efr-enfado-identificar-el-limite\/\">ENFADO: IDENTIFICAR EL L\u00cdMITE<\/a><\/h5>\n<\/li>\n<li>\n<h5><a href=\"https:\/\/conflictos.elhogarquedeseo.com\/index.php\/6-efr-expresar-el-limite\/\">EXPRESAR EL L\u00cdMITE<\/a><\/h5>\n<\/li>\n<li>\n<h5><a href=\"https:\/\/conflictos.elhogarquedeseo.com\/index.php\/7-efr-enfado-del-otro\/\">ENFADO DEL OTRO<\/a><\/h5>\n<\/li>\n<li>\n<h5><a href=\"https:\/\/conflictos.elhogarquedeseo.com\/index.php\/8-efr-escuchar-sin-personalizar\/\">ESCUCHAR SIN PERSONALIZAR<\/a><\/h5>\n<\/li>\n<li>\n<h5><a href=\"https:\/\/conflictos.elhogarquedeseo.com\/index.php\/9-efr-rabia-y-enfado-en-los-ninos\/\">RABIA Y ENFADO EN LOS NI\u00d1OS<\/a><\/h5>\n<\/li>\n<li>\n<h5><a href=\"_wp_link_placeholder\" data-wplink-edit=\"true\">ERROR CULPA Y PERD\u00d3N<\/a><\/h5>\n<\/li>\n<\/ol>\n<\/li>\n<\/ol>\n<\/li>\n<\/ol>\n<\/li>\n<\/ol>\n<\/li>\n<\/ol>","protected":false},"excerpt":{"rendered":"<p>Te puedes sentir frustrado\/a y con esa frustraci\u00f3n desarrollar un enfado e incluso reaccionar con rabia\u2026 Contenido DESCUBRIR Y DOMINAR COMPRENDER LA RABIA \u00bfC\u00d3MO SE DESPIERTA? EXPRESAR LA RABIA ENFADO: IDENTIFICAR EL L\u00cdMITE EXPRESAR EL L\u00cdMITE ENFADO DEL OTRO ESCUCHAR SIN PERSONALIZAR RABIA Y ENFADO EN LOS NI\u00d1OS ERROR CULPA Y PERD\u00d3N<\/p>\n","protected":false},"author":2,"featured_media":0,"parent":0,"menu_order":0,"comment_status":"closed","ping_status":"closed","template":"","meta":{"hide_page_title":"","_coblocks_attr":"","_coblocks_dimensions":"","_coblocks_responsive_height":"","_coblocks_accordion_ie_support":"","footnotes":""},"class_list":["post-81","page","type-page","status-publish","hentry"],"_links":{"self":[{"href":"https:\/\/conflictos.elhogarquedeseo.com\/index.php\/wp-json\/wp\/v2\/pages\/81","targetHints":{"allow":["GET"]}}],"collection":[{"href":"https:\/\/conflictos.elhogarquedeseo.com\/index.php\/wp-json\/wp\/v2\/pages"}],"about":[{"href":"https:\/\/conflictos.elhogarquedeseo.com\/index.php\/wp-json\/wp\/v2\/types\/page"}],"author":[{"embeddable":true,"href":"https:\/\/conflictos.elhogarquedeseo.com\/index.php\/wp-json\/wp\/v2\/users\/2"}],"replies":[{"embeddable":true,"href":"https:\/\/conflictos.elhogarquedeseo.com\/index.php\/wp-json\/wp\/v2\/comments?post=81"}],"version-history":[{"count":1,"href":"https:\/\/conflictos.elhogarquedeseo.com\/index.php\/wp-json\/wp\/v2\/pages\/81\/revisions"}],"predecessor-version":[{"id":101,"href":"https:\/\/conflictos.elhogarquedeseo.com\/index.php\/wp-json\/wp\/v2\/pages\/81\/revisions\/101"}],"wp:attachment":[{"href":"https:\/\/conflictos.elhogarquedeseo.com\/index.php\/wp-json\/wp\/v2\/media?parent=81"}],"curies":[{"name":"wp","href":"https:\/\/api.w.org\/{rel}","templated":true}]}}